34
Let h(f) = 5*f**2 + 430*f + 7035. Calculate h(-64).
-5
Let h(z) = -z**3 - 14*z**2 - 53*z - 47. What is h(-5)?
-7
Let r(i) = 20*i**2 - 246*i + 54. What is r(12)?
-18
Let d(k) = 12*k**3 + 84*k**2 - 11*k + 13. Give d(-7).
90
Let d(k) = -k**3 + 46*k**2 - 81*k - 2067. Calculate d(43).
-3
Let f(i) = -i**3 + 11*i**2 - i + 37. Give f(5).
182
Let g(u) = 6*u**3 - 4*u**2 + 21*u + 65. Calculate g(-3).
-196
Let n(o) = -44*o - 6210. What is n(-141)?
-6
Let l(f) = 5*f**2 + 11*f + 9. Give l(-10).
399
Let q(j) = -1333*j + 27. What is q(0)?
27
Let o(m) = -28*m - 751. What is o(-26)?
-23
Let d(y) = -38*y + 30. Calculate d(-5).
220
Let s(d) = -4510*d + 18035. Determine s(4).
-5
Let n(y) = -y**3 + y**2 + 101*y + 99. Give n(-1).
0
Let k(f) = -f**3 + 4*f**2 + 33*f + 29. What is k(-4)?
25
Let o(v) = -6*v**2 + 14*v - 53. Calculate o(2).
-49
Let q(x) = 40*x - 5881. Calculate q(147).
-1
Let h(l) = l**3 - 30*l**2 - 17*l - 436. Calculate h(31).
-2
Let v(q) = -q**2 - 5*q + 31. Calculate v(-5).
31
Let o(i) = -i**2 - 76*i + 22888. Determine o(-194).
-4
Let s(l) = -l**2 + 346*l - 4326. Determine s(13).
3
Let g(r) = 4*r**3 - 6*r**2 + 16. Calculate g(4).
176
Let h(y) = -y**2 + 1309*y + 13167. Calculate h(-10).
-23
Let m(r) = r**3 - 16*r**2 + 31*r - 60. Determine m(14).
-18
Let v(s) = -202*s - 315. Calculate v(-3).
291
Let t(b) = b**3 - 42*b**2 + 182*b + 128. Give t(37).
17
Let c(n) = -14*n + 70. Calculate c(3).
28
Let w(r) = -r**3 + 19*r - 51. Give w(3).
-21
Let i(h) = 4*h**3 + 6*h**2 - 5*h + 6. What is i(-5)?
-319
Let m(n) = -1551*n - 12423. Determine m(-8).
-15
Let q(p) = 17*p**2 + 46*p - 29. Give q(-5).
166
Let q(n) = 6*n**3 - 2*n**2 + 6*n - 493. Calculate q(0).
-493
Let x(o) = -o**3 + 162*o**2 - o + 163. What is x(162)?
1
Let f(c) = -523*c - 2634. Give f(-5).
-19
Let w(g) = -g**3 - 111*g**2 + 316*g - 2977. What is w(-114)?
-13
Let v(f) = 6*f + 53. Determine v(-9).
-1
Let l(f) = -359*f - 12210. Calculate l(-34).
-4
Let w(q) = -q**3 + 5*q**2 + q + 3. Determine w(7).
-88
Let c(p) = p**3 - p**2 + 260*p - 1088. Calculate c(4).
0
Let m(i) = -8*i**3 + 48*i**2 + 56*i + 11. Calculate m(7).
11
Let t(p) = -3*p**3 - 53*p**2 + 8*p + 36. Calculate t(-18).
216
Let d(c) = -2*c**2 + 889*c - 16178. Calculate d(19).
-9
Let a(w) = -5*w**2 - 632*w + 375. Calculate a(-127).
-6
Let l(a) = -a**2 - 16*a - 16. Give l(0).
-16
Let a(p) = 102*p + 3783. Calculate a(-37).
9
Let x(l) = -4*l**3 + 42*l**2 - 75*l - 11. Determine x(8).
29
Let q(p) = -5*p + 235. What is q(39)?
40
Let a(q) = 3*q**3 - 23*q**2 + 29*q - 135. Determine a(7).
-30
Let c(z) = -2*z**2 + 10*z + 61. What is c(10)?
-39
Let q(v) = -515*v + 1046. Determine q(2).
16
Let u(g) = -3*g**3 - 53*g**2 - 28*g - 36. Determine u(-17).
-138
Let l(z) = z**3 + 24*z**2 - 326*z - 966. Calculate l(-33).
-9
Let u(h) = -2*h + 219. Give u(105).
9
Let r(m) = -21*m + 2167. What is r(105)?
-38
Let w(f) = f**2 + 14*f - 58. Calculate w(-14).
-58
Let n(t) = -329*t**3 - 4*t**2 - t + 3. Determine n(-1).
329
Let h(s) = -36*s + 3432. What is h(96)?
-24
Let l(u) = 2*u**2 - 455*u - 7022. Calculate l(242).
-4
Let r(o) = 177*o + 527. Calculate r(-3).
-4
Let s(b) = 2*b**3 - 8*b**2 + 10*b - 1. What is s(4)?
39
Let b(x) = 976*x**2 + 5855*x - 12. Give b(-6).
-6
Let a(j) = 636*j + 1952. Calculate a(-3).
44
Let s(k) = -k**2 + 348*k - 5936. Determine s(18).
4
Let u(s) = -5*s**2 - 426*s - 7159. Calculate u(-23).
-6
Let s(u) = -24*u + 119. Calculate s(6).
-25
Let g(i) = -i**2 - 4*i - 250. Determine g(0).
-250
Let t(q) = 17*q + 309. Give t(-21).
-48
Let o(i) = -i**3 + 14*i**2 - 172. Determine o(13).
-3
Let h(w) = w**2 + 20*w - 37. Determine h(-16).
-101
Let v(c) = -24*c + 141. Give v(6).
-3
Let z(g) = -g**2 - 137*g - 1601. Determine z(-13).
11
Let u(a) = -a**3 + 8*a**2 + 3*a - 79. Calculate u(8).
-55
Let n(a) = -664*a - 4351. What is n(-6)?
-367
Let j(x) = -2932*x + 20529. What is j(7)?
5
Let t(y) = 49*y**2 + 835*y + 5. Calculate t(-17).
-29
Let p(s) = 964*s + 5786. Give p(-6).
2
Let d(w) = -3*w**2 - 59*w + 898. Give d(-29).
86
Let j(p) = 411*p + 126. Give j(-1).
-285
Let y(t) = -77*t + 1219. What is y(16)?
-13
Let p(u) = 116*u + 173. What is p(-3)?
-175
Let l(v) = 5*v**2 + 82*v + 309. What is l(-11)?
12
Let p(d) = -3*d**2 - 76*d + 516. Calculate p(-31).
-11
Let n(a) = 300*a - 9302. Calculate n(31).
-2
Let n(r) = -1730*r - 27685. Calculate n(-16).
-5
Let m(g) = -121*g - 6743. Give m(-60).
517
Let u(h) = -7*h**3 - 26*h**2 - 64*h + 8. What is u(-3)?
155
Let u(q) = 29*q**2 + 32*q - 183. Determine u(2).
-3
Let i(v) = -76*v + 835. Give i(11).
-1
Let b(s) = 6*s - 208. Calculate b(35).
2
Let r(i) = 42*i**3 - 16*i + 17. Calculate r(1).
43
Let l(b) = 73*b**2 + 33*b - 104. What is l(3)?
652
Let b(a) = 2*a**2 + 95*a - 35. Calculate b(-47).
-82
Let n(q) = q**2 + 14*q + 11. Determine n(7).
158
Let s(f) = -311*f - 887. Calculate s(-4).
357
Let n(d) = d**3 - 15*d**2 + 55*d - 34. Determine n(7).
-41
Let c(r) = 3234*r + 25889. What is c(-8)?
17
Let j(w) = 2*w**2 - 33*w - 283. What is j(21)?
-94
Let s(g) = -157*g - 11615. Calculate s(-74).
3
Let v(u) = -u**3 + 6*u**2 - 12*u - 9. Give v(5).
-44
Let f(g) = -g**2 - 78*g + 313. What is f(-82)?
-15
Let w(t) = -193*t - 6926. Calculate w(-36).
22
Let h(m) = 3*m**2 + 65*m + 292. Calculate h(-15).
-8
Let a(v) = 220*v - 2264. Calculate a(10).
-64
Let g(k) = k**3 - 53*k**2 + 109*k - 350. What is g(51)?
7
Let s(t) = 7*t**2 + 3*t - 431. Give s(-8).
-7
Let u(d) = -2*d**3 - 66*d**2 - 276*d + 89. Calculate u(-28).
-23
Let r(f) = 1214*f - 570574. Calculate r(470).
6
Let s(i) = 2*i**2 - 190*i + 725. Give s(4).
-3
Let f(t) = -t**3 - 53*t**2 + 111*t + 62. Determine f(-55).
7
Let b(v) = -v**2 + 213*v - 9283. What is b(61)?
-11
Let p(s) = -s**3 + 30*s**2 + 9*s - 203. Calculate p(30).
67
Let u(l) = -l**3 + 3*l**2 - 210*l + 624. What is u(3)?
-6
Let p(o) = -2*o**2 + 245*o + 7183. What is p(147)?
-20
Let a(v) = -2*v**3 - 33*v**2 - 28*v - 5. Give a(-15).
-260
Let v(d) = 3*d - 44. Determine v(18).
10
Let u(i) = -18*i - 441. Give u(-26).
27
Let f(g) = -g**2 + 148*g - 2967. Determine f(124).
9
Let i(o) = -82*o - 67. Determine i(-1).
15
Let y(u) = 3*u**3 + 16*u**2 - 20*u - 41. What is y(-6)?
7
Let y(m) = -41*m**2 + 9*m - 2. Determine y(2).
-148
Let s(m) = m**3 - 2*m**2 - 22*m + 55. Give s(3).
-2
Let j(a) = -1203*a + 8428. Calculate j(7).
7
Let b(w) = 40*w - 534. Give b(12).
-54
Let p(d) = 3*d**3 + 21*d**2 - 7*d - 38. Calculate p(-7).
11
Let u(i) = -i**3 + 18*i**2 - 12*i + 8. Determine u(18).
-208
Let t(w) = w + 29. Calculate t(-20).
9
Let n(z) = z**2 - 176*z - 3077. Calculate n(192).
-5
Let p(g) = -2*g**3 - 117*g**2 - 56*g + 117. Determine p(-58).
1
Let q(o) = o + 66. Calculate q(7).
73
Let z(q) = -q**2 + 223*q - 12288. Calculate z(99).
-12
Let o(d) = 2*d**2 + 162*d + 890. What is o(-6)?
-10
Let k(h) = 32*h**2 - 785*h - 376. Determine k(25).
-1
Let i(w) = -w**2 - 994*w - 3960. Give i(-4).
0
Let t(o) = -o**3 + 7*o**2 - 57*o + 346. What is t(10)?
-524
Let f(w) = -w**3 - 15*w**2 - 25*w + 6. Determine f(-11).
-203
Let g(l) = -2*l**2 - 165*l - 1258. Determine g(-74).
0
Let n(h) = -h**2 - 52*h - 219. Calculate n(-35).
376
Let p(o) = -89*o + 322. Calculate p(4).
-34
Let s(g) = 7*g**2 - 173*g - 13. What is s(25)?
37
Let u(y) = y**3 - 55*y**2 - 230*y + 21. Determine u(-4).
-3
Let t(r) = -r**2 - 55*r - 279. What is t(-38)?
367
Let t(s) = 2*s**2 - 39*s - 223. Calculate t(31).
490
Let f(m) = -m**3 - 23*m**2 - 92*m - 82. Calculate f(-18).
-46
Let s(f) = 48*f - 42. Determine s(1).
6
Let a(b) = b**3 - 28*b**2 + 23*b - 47. Calculate a(27).
-155
Let c(l) = 4*l**2 - 12*l - 11. What is c(4)?
5
Let y(t) = t**3 - 52*t**2 - 176*t + 6524. What is y(53)?
5
Let a(p) = -41*p - 2922. Give a(-70).
-52
Let b(f) = f**3 + 10*f**2 - 34*f + 1. Determine b(-12).
121
Let s(p) = -267*p - 2093. Give s(-8).
43
Let r(j) = -11*j - 94. Determine r(-10).
16
Let w(f) = -f**3 - 20*f**2 + 5*f - 22. What is w(-20)?
-122
Let c(k) = 10*k - 731. Determine c(75).
19
Let q(i) = -3*i**3 - 32*i**2 - 5*i - 43. Calculate q(-10).
-193
Let w(p) = -3*p**3 + 2*p**2 - 11*p - 16. Calculate w(-3).
116
Let f(m) = 120*m - 354. Give f(3).
6
Let o(u) = u**3 + 34*u**2 + 42*u + 252. Calculate o(-33).
-45
Let m(q) = q**2 - 18*q - 52. Determine m(-4).
36
Let q(y) = -3*y**2 - 5*y + 1705. Calculate q(23).
3
Let h(b) = -3*b**3 - 2*b**2 + 6*b + 